Suppose 0*k = k - y. Calculate the greatest common divisor of k and 7.
7
Let o = 195 + -41. Let d(l) be the first derivative of l**4/4 + 7*l**3/3 + 7*l**2/2 - l - 3. Let j be d(-5). Calculate the greatest common divisor of j and o.
14
Let d be 99/6*(-16)/(-6). Suppose 4*i + d = g, 19 = g + 4*i - 1. What is the highest common divisor of g and 48?
16
Let i be 2/10 - (-11)/(-5). Let d be i/5 + 96/15. Let k = d + 71. What is the greatest common factor of 7 and k?
7
Let b = 16 - 9. Suppose -4*q = -2*q - 4*c + 22, 0 = q - c + 7. Let a be -14*(1 - q/(-2)). What is the greatest common divisor of b and a?
7
Suppose 2*i = k + 6, -2*k - 5*i + i = -28. Suppose -395 = -5*d - 5*r, -3*d - 5*r = -k*d + 91. Calculate the highest common factor of 27 and d.
27
Suppose 2*m - 24 = 20. Let g = m + 34. What is the highest common factor of 8 and g?
8
Let y = 605 - 365. Calculate the greatest common divisor of 30 and y.
30
Let q = 168 + -78. What is the greatest common factor of 10 and q?
10
Let b be ((-60)/(-16))/(1/4). Let a = b + -5. Calculate the highest common divisor of a and 5.
5
Let r = -783 - -828. Suppose 0 = -3*i + 9 + 18. Calculate the highest common divisor of i and r.
9
Suppose 4*b + 1 - 41 = 0. Calculate the highest common divisor of b and 40.
10
Let z(b) = -b**2 - 13*b - 10. Let t be z(-12). What is the greatest common divisor of 16 and t?
2
Let b = 166 - 158. What is the highest common divisor of 4 and b?
4
Let j be (-64)/4*(1 - (0 + 3)). Calculate the greatest common factor of 80 and j.
16
Let j(x) = -x + 21. Let n be j(0). Let t(c) = c**3 + c**2 - 5*c + 5. Let a be t(2). What is the greatest common factor of n and a?
7
Let f(r) = -26*r - 2. Let z be f(-6). Let d be (-304)/(-14) - (-8)/28. What is the highest common divisor of d and z?
22
Let k = 35 - -9. Calculate the highest common divisor of 11 and k.
11
Let d = 271 - 106. Calculate the greatest common factor of 110 and d.
55
Let s be (-395)/(-20) + (-2)/(-8). Let g be (-4 + 0)/((-18)/135). What is the highest common factor of s and g?
10
Let m = -126 + 202. Suppose -m = -g + 32. Calculate the greatest common divisor of g and 12.
12
Suppose u = -5*l + 2*l + 39, 5*u = -15. Let q be l - ((-6)/3 + -1). What is the highest common divisor of q and 187?
17
Let f be -22*((-4)/2 - -1). Suppose -5*t + 87 - f = 0. Suppose -16 = -o - 2*p, -o - p - t = -4*o. What is the greatest common factor of o and 48?
6
Suppose -y = 9 - 51. Suppose 0 = -c + 27 + 1. What is the greatest common divisor of c and y?
14
Let l be (-4)/20 + 78/(-10). Let a be l/(-12)*15*1. What is the greatest common divisor of 20 and a?
10
Let m be 0/(2/(-2)) - -2. Let k(a) = 6*a**2 + 2. Let s be k(m). Suppose 0 = -5*b + s + 64. Calculate the greatest common factor of 27 and b.
9
Suppose 5*l - 2*l = 0. Suppose -4*q + 8 = -l*q. Suppose -14 = h + 5*r + 6, 3*h + q*r = 5. Calculate the highest common factor of h and 5.
5
Suppose 3*z = 2*j + 4, 0*j - 20 = 4*j. Let r be (z/(-5))/(12/30). What is the greatest common divisor of r and 5?
1
Let f(a) = -a**2 + 16*a + 20. Let w be f(15). Calculate the greatest common factor of 14 and w.
7
Let c be 6/2 + -1 + 1. Let z be (1 - 6/c) + 20. Suppose -4*i + z = 7. What is the greatest common divisor of i and 33?
3
Let n = -44 - -57. What is the highest common divisor of n and 26?
13
Suppose 3*s = -0*s + 6. Calculate the greatest common factor of 2 and s.
2
Suppose 0 = -u + 3*u - 8. Suppose 4*k = 16 + u. Suppose 126 + 36 = k*s + 2*c, 0 = 4*c - 4. What is the highest common divisor of 8 and s?
8
Let y be 102 - (-12)/(12/(-3)). What is the greatest common factor of y and 11?
11
Let i = -61 - -91. Calculate the highest common divisor of i and 10.
10
Let d = -11 + 7. Let f = 6 + d. Let i = -22 - -26. Calculate the highest common divisor of i and f.
2
Suppose 2*m - 1 = -3*n - 11, -4*n - 13 = 3*m. Suppose 16 = k + 3. Suppose -20 - k = -3*c. Calculate the highest common factor of m and c.
1
Let i(m) = -2*m + 8. Suppose -2*d + 3*d + 8 = 0. Let r be i(d). Calculate the greatest common divisor of 3 and r.
3
Suppose 279 = 3*u + c, 0 = 2*u + u - 5*c - 279. What is the greatest common divisor of u and 31?
31
Let o = -5 + 5. Suppose o = -3*i + 38 + 37. Let r = i - 12. What is the highest common factor of 117 and r?
13
Let q be (-4 + (-6)/(-2))*-6. What is the greatest common factor of q and 2?
2
Let t(d) = 2*d**2 + d + 5. Let b be t(-5). Let i(o) = 2*o**3 + 1. Let q be i(1). Suppose -f - q*f + 40 = 0. What is the highest common factor of f and b?
10
Let y = -7 + 32. What is the greatest common divisor of 10 and y?
5
Let u = -8 + 10. Let m be 0 - u - (-7 + -63). Suppose r + 5*l - 17 = 0, 0 = l - 6*l. What is the highest common factor of m and r?
17
Let n(l) = -l**2 + l - 8. Let m be n(0). Let q(z) = -8 - 7 + z**2 + 7 + 4*z. Let j be q(m). What is the highest common factor of 60 and j?
12
Let s(y) = -2*y**3 - 6*y**2 - 5*y - 2. Suppose 4 = -4*f + 3*f. Let i be s(f). Calculate the highest common factor of 20 and i.
10
Suppose -9 = -y + 1. Calculate the highest common divisor of 25 and y.
5
Let w be (-210)/45*(-1 - -4). Let p be (60/w)/(3/(-21)). Calculate the highest common factor of 6 and p.
6
Suppose 1 + 4 = -t, 3*o = 5*t + 25. Suppose o = 4*b + 13 - 33. Calculate the greatest common factor of b and 2.
1
Suppose 10*x = 6*x + 68. What is the greatest common factor of 153 and x?
17
Suppose 2*l - 4*l = 0. Suppose y + 2*a - 8 = 16, -5*y + 5*a + 165 = l. Calculate the highest common divisor of 6 and y.
6
Let s = -17 - -32. Suppose r + 2*x = 135, -4*r - 171 + 711 = -2*x. What is the greatest common factor of r and s?
15
Let y be (-4)/(-12) + 29/3. Let w be -6*(y/6 - 2). Calculate the highest common factor of 16 and w.
2
Let v(z) = -z**3 + 21*z**2 + 26*z + 27. Let u be v(22). Suppose 5*g + 2*q = 226, 0 = 3*g - 2*q - 116 - 26. Calculate the highest common divisor of g and u.
23
Suppose 0 = 5*s + 2*v - 279, -3*v - 14 - 166 = -3*s. Suppose 0 = 5*d - 387 + s. Suppose -8 - 10 = -3*q. Calculate the highest common divisor of d and q.
6
Let m = -26 + 38. Suppose -3*w + 0*w = -m. Suppose w*o - 126 = 34. Calculate the greatest common factor of 5 and o.
5
Let h(p) be the first derivative of p**3/3 + 7*p**2/2 + 9*p - 1. Let u be h(-6). Let m = 8 + 1. Calculate the highest common factor of u and m.
3
Suppose -5*d + 41 = 3*u, -2*u + d + 11 = -38. Suppose -5*h + u = -23. Let y be (-3*2)/(h/(-6)). Calculate the greatest common divisor of y and 24.
4
Suppose 2*d = 3*w - 130, -2*d = -6*d + 16. Let b(r) = -23*r. Let y be b(-1). Calculate the greatest common factor of y and w.
23
Let b be (1*8)/(5/(-5)). Let g(r) = r**2 + 7*r - 3. Let y be g(b). Calculate the highest common factor of 10 and y.
5
Let c = 1 + 13. What is the greatest common factor of 14 and c?
14
Let j = 7 - -17. What is the highest common divisor of j and 24?
24
Let g = -28 - -19. Let l = g - -4. Let d = l + 7. Calculate the highest common factor of d and 22.
2
Let w(a) = a - 2. Let o be w(-4). Let q = 8 + o. Let v be 4/3 + 4/6. Calculate the highest common divisor of v and q.
2
Let c(r) be the second derivative of 0 + r - 5/6*r**3 - 1/12*r**4 + 3*r**2. Let l be c(-5). Calculate the greatest common divisor of 48 and l.
6
Let z(t) = t**3 - 3*t**2 - 2*t. Let u be z(4). What is the highest common factor of 16 and u?
8
Let w(r) = r**2 - r. Let f(s) = 40*s**3 + 6*s**2 - 5*s + 2. Let y(u) = -f(u) + 4*w(u). Let n be y(-2). Calculate the highest common factor of 28 and n.
28
Suppose -4*r - 5*z + 9 + 30 = 0, -r - z + 11 = 0. Let t be (24/9)/((-3)/(-144)). Calculate the greatest common factor of t and r.
16
Suppose -h + 5 = -1. Suppose -9 + 3 = -d. Calculate the highest common factor of d and h.
6
Suppose -10 = -5*v - 4*l + 6*l, 0 = 2*v + 5*l - 33. Let x(w) = 13*w - 8. Let c be x(v). Calculate the highest common divisor of c and 4.
4
Suppose 0 = -5*o + 193 - 38. Let t = -14 + o. Calculate the greatest common divisor of 34 and t.
17
Let z(r) = 3*r**2 - 5*r - 6. Let q be z(-3). Calculate the greatest common factor of 12 and q.
12
Suppose -f - 3*f = -4*m - 72, 3*f - m = 46. Suppose 4*r = f + 22. Suppose 4*y - 22 = 14. What is the highest common divisor of r and y?
9
Suppose 6*k = -4*l + 2*k + 448, 4*l = 3*k + 427. Suppose l + 287 = 2*p. Suppose g = -g + p. What is the greatest common factor of 9 an